39 = -3*h - s*u. Let w = h + 28. What is the units digit of w?
0
Suppose -5*a + 13 + 2 = 0. Suppose 735 = a*m - 10*m. What is the units digit of 4/(-8) + m/(-6)?
7
Let l(v) = -v**3 + 74*v**2 - 114*v + 2135. What is the thousands digit of l(65)?
2
Let f(k) be the third derivative of -13*k**4/12 + 11*k**3/3 - 52*k**2. What is the hundreds digit of f(-12)?
3
Let v(f) = 6*f**2 + f + 2006. Let s be v(0). Let m = s + -1156. What is the hundreds digit of m?
8
Let z(d) = 5*d**2 - 11*d + 8. Let w(x) = x**2 + x - 1. Let f(n) = -4*w(n) + z(n). Let o be f(14). What is the tens digit of o*84/6*(-4 - -1)?
8
Suppose -132 = 10*l + 88. Let c be (-3)/(-9) - 173/(-3). Let n = l + c. What is the tens digit of n?
3
Suppose j - 40 = -3*a, -2*j = -j + 2. Suppose a*i = 13*i + 217. What is the tens digit of i?
1
Let j be -4 + -21 + (0 - -2) + 1. Let y(v) = -89*v - 225. What is the hundreds digit of y(j)?
7
Let m(g) = -2*g**3 - g**2 + 11. Let f(s) = -2*s**3 - 2*s**2 - s + 9. Let j(a) = -5*f(a) + 4*m(a). What is the hundreds digit of j(5)?
4
Let i be 15/(-30)*2*-1. Let p be -18*(15/(-6) + i). What is the units digit of 6/p + 626/18?
5
What is the tens digit of ((-20526)/(-30) + 9)/(4/80)?
6
Suppose -21960 = 109*l - 124*l. Let h = l - 893. What is the units digit of h?
1
Let g = 13962 + -7910. What is the tens digit of g?
5
Suppose -3*g - 11720 = -4*w, g + 5*w = -2375 - 1500. What is the hundreds digit of g/16*(-3 - (-4 + 5))?
9
Suppose 197*q - 255699 = 439952 + 996973. What is the hundreds digit of q?
5
Let m(g) = 2*g - 58. Let q be m(24). What is the hundreds digit of 5 - 138/30 - 1976/q?
1
Let y(o) be the second derivative of -4*o**3/3 - 7*o**2 + o. Suppose 4*j - r = -4*r - 20, 5*r - 20 = 4*j. What is the tens digit of y(j)?
2
Let t = -558 + 567. Let k(a) be the second derivative of a**4/12 + 2*a**3/3 + 15*a**2/2 + 6*a. What is the tens digit of k(t)?
3
Let z be ((-36)/60)/((-1)/5). Let r(g) = -1 + z*g + 3*g**3 - 2 + g - 2. What is the tens digit of r(2)?
2
What is the tens digit of 214639/20 - (-22)/440?
3
Let n = 364 - 6. What is the hundreds digit of n?
3
Let o = -4928 + 9025. What is the thousands digit of o?
4
What is the tens digit of (29096/(-160)*16)/(0 + (-2)/25)?
7
Suppose -2*p = -5*a - 20, 2*p + 0*a + 8 = -2*a. Suppose p = 4*u + 41 - 65. What is the units digit of (-88)/u*((-2)/(-4) + -2)?
2
Let n(q) = 49*q**2 + 21*q - 26. What is the tens digit of n(11)?
3
What is the thousands digit of 44597 + 6 + 15/(135/(-72))?
4
What is the hundreds digit of ((-34)/(-16)*4)/((-1)/(-2786))?
6
Let a be 22/55 + (-43)/(-5). Suppose 0 = -f - 5*t + 10, 3*t = 2*f - 3 + a. Suppose -9*x + 1075 - 346 = f. What is the tens digit of x?
8
Let g(i) = -2*i - 2. Let r be g(-1). Suppose 2*z + r*x - 3*x = 16, 0 = 4*z + 2*x - 16. What is the units digit of (z/((-15)/24))/(14/(-91))?
2
What is the hundreds digit of 10119 + -3 - ((-21)/(-126))/(2/12)?
1
Let u(z) = 133*z + 59. Let o be u(6). Let a = o + -562. What is the tens digit of a?
9
Let i = -1292 + 1956. What is the tens digit of i?
6
Let r be -15*(-3)/10*222. Suppose 3022 = -2*f + 5*f - p, f = 2*p + r. What is the tens digit of f?
0
Suppose 0 = 106*r - 80*r - 72878. What is the units digit of r?
3
Let o be (32/(-4))/(-8)*-8*3. Let z be (-30)/o - (-1)/(-4). What is the tens digit of (z*-100)/(-4) + -1?
2
What is the tens digit of 197*101*((-14 + 9 - -15) + -9)?
9
Suppose 136213 = 4*h + 3*f, 3*h + 289*f - 285*f = 102158. What is the units digit of h?
4
Let z = 178 + -151. Suppose -29*h + 740 = -z*h. What is the units digit of h?
0
Suppose 6 = -2*m, -3571 = -5*u + 4*m - 2*m. Suppose -3*v = -u + 236. What is the hundreds digit of v?
1
Suppose 0 = -192*c + 142*c + 66300. What is the units digit of c?
6
Suppose 248 = -5*m - 0*p - 2*p, 2*p = 3*m + 136. Let o = 180 + -203. Let w = o - m. What is the tens digit of w?
2
Suppose 118*p = 119*p. Suppose p = 9*k - 859 + 13. What is the tens digit of k?
9
Let a = 97 + -97. Suppose 4*s - s = -4*x + 1527, -x + 5*s = -399. Suppose -o + 5*o - x = a. What is the units digit of o?
6
Let n(m) = -m**2 + 4*m + 4. Let s be n(4). Suppose -4*l + s = -8. Suppose 5*h - 273 = -l*f, -5*f - 86 = 4*h - 307. What is the units digit of h?
4
What is the hundreds digit of (-16 - (-2156)/(-20))*-5?
6
Let y be -18*-5*1/30. Suppose -2*b + 882 = 4*z, y*b + z - 1762 + 459 = 0. What is the units digit of b?
3
Let i = -163 + 9. Let k = 228 + i. Suppose k = r - 77. What is the tens digit of r?
5
Suppose -88*b + 101*b - 6929 = 0. Suppose -b + 41 = -f. What is the units digit of f?
2
Let j(h) = -8921*h + 190. What is the thousands digit of j(-3)?
6
Suppose 0 = 8*c - 43 + 35, o = 5*c + 74461. What is the thousands digit of o?
4
Suppose 0 = 2*t + 4*x - 3558, 4*x + 4 + 16 = 0. What is the hundreds digit of t?
7
What is the thousands digit of (-16524)/(2/(-7 - (6 + -11)))?
6
Suppose -2*m = 2*x - 61418, -8*x = -11*x + 9. What is the units digit of m?
6
Let l(w) = 23 - 4*w**2 + 14 - 15*w - 40 - w**3. What is the units digit of l(-11)?
9
Suppose 0 = -3*n - 3, -4*i - 2*n + 166 + 408 = 0. Suppose 2*h + 3*x = -196 + 20, -88 = h + 2*x. Let s = i + h. What is the tens digit of s?
5
Suppose 5*u = l - 73, 3*l = u + 7 + 2. Let d = 276 - u. What is the hundreds digit of d?
2
Suppose 117*r = 107*r + 39650. Suppose 13*n = -0*n + r. What is the hundreds digit of n?
3
Let t(j) = -133*j - 200. Let g(h) = -44*h - 67. Let x(y) = -7*g(y) + 2*t(y). What is the tens digit of x(4)?
3
Let k = 7 - 5. Suppose -l = 2*t - 62, -5*l - k*t = t - 275. Suppose q - l = -q. What is the units digit of q?
6
Suppose 0 = v - 3*v + 4*l + 16248, v - 5*l = 8121. What is the units digit of v?
6
Let y(z) = 15 + 12 + 233*z + 3 - 251*z. Let l be 183/(-15) + 5*(-3)/(-75). What is the hundreds digit of y(l)?
2
Let g(u) = 33*u - 122. Let q = 1020 - 1008. What is the units digit of g(q)?
4
Suppose -52*r + 97566 = -29*r. Suppose 0 = -8*p + 2*p + r. What is the tens digit of p?
0
Suppose 0 = 178*d - 173*d - 4*b - 46253, -3*d + 2*b + 27751 = 0. What is the thousands digit of d?
9
Let y(s) = 5417*s - 1785. What is the tens digit of y(8)?
5
What is the tens digit of -391*((-2)/(-7) + 624/(-28))?
0
Let r(w) = -1897*w - 87. What is the units digit of r(-4)?
1
Suppose 2*g + 10 = 0, 19 = -2*w + 5*g - 40. Let f be 46/10 - w/(-70). Suppose -f*m - 28 = -2*i, -2*i + 4*m - 82 = -5*i. What is the tens digit of i?
2
What is the units digit of 14352*(-3 + ((-9)/(-18))/(1/7))?
6
Let k = -2491 + 1608. Let q = 1799 + k. What is the hundreds digit of q?
9
Let d(k) = 84 - 22 + 26 + 26 - 19*k. What is the units digit of d(4)?
8
Suppose 90 = -5*y - 90. Let a = -12 - y. Suppose 0 - a = -6*g. What is the units digit of g?
4
Suppose 0*y + 3*r - 118 = -2*y, -194 = -3*y + 4*r. Let k = 36 - y. What is the units digit of k/91 + (-548)/(-7)?
8
Let x = 16747 + -1105. What is the units digit of x?
2
Let u(c) = -8*c + 38*c - 84 - 4*c. What is the hundreds digit of u(9)?
1
Let q = 154 + -23. Let v = 866 - q. What is the hundreds digit of v?
7
Suppose 2*f = 18 + 14. Let h(c) = -c**3 + 14*c**2 + 31*c + 18. Let y be h(f). What is the tens digit of y*(49 + 5 - (-4)/2)?
1
Suppose -12*r = -45*r + 556710. What is the thousands digit of r?
6
Let r = -740 - -735. What is the tens digit of 2/(-6) - r/((-60)/(-13252))?
0
Let d(u) = 31*u**2 - 7. Let s be d(-6). Suppose s = -0*c - 4*c + y, -5*c = 3*y + 1399. Let n = -190 - c. What is the tens digit of n?
8
What is the ten thousands digit of (-2)/8 + 6624943/364 + (-30)/(-35)?
1
Suppose -35*v + 39*v - 32 = 0. Let x be ((-1542)/v)/((-24)/64). Suppose 3*d - x = -154. What is the tens digit of d?
2
Let t = -15897 + 28414. What is the tens digit of t?
1
Let d = -43479 + 61481. What is the hundreds digit of d?
0
Let l be (93/(-5))/(4/(-620)). Suppose 2*y + y - l = 0. What is the units digit of y?
1
Let x(w) = w**3 - 16*w**2 - w - 2. Let u be x(17). What is the hundreds digit of (u - (-9 + 0)) + (5 - 1)?
2
Suppose 5*z + u = 19807, -3*u = -4*z + 3523 + 12334. What is the thousands digit of z?
3
Suppose 4*b + 4 = 28. Suppose -111 = -b*p + 135. Let i = p + -24. What is the units digit of i?
7
What is the thousands digit of 70836/6 + (2 + 7)/3?
1
Let s(a) = a**3 + 9*a**2 + 21*a + 18. Let g be s(-6). What is the tens digit of 28692/78 + (g - (-8)/52)?
6
Let n = 86354 + 1331. Suppose 13*